f d and 40.
8
Let d be (-65)/(-10) + 6825/14. Calculate the greatest common factor of d and 156.
26
Let w(f) = 45*f. Let h be w(1). Let n be (-9)/h - 22/(-10). Let c be (-2)/(-10)*(-145)/(-2)*n. What is the greatest common divisor of c and 261?
29
Let m be 3*5/(30/(-192)). Let w = m - -120. Let g(j) = 3*j + 81. Let s be g(-7). What is the highest common factor of w and s?
12
Let f = -37 + 34. Let n be 2 - (-3 + -1 - f). Suppose -2*q - q = -n. What is the greatest common factor of 3 and q?
1
Suppose 603 = -61*u + 64*u - 3*d, -5*u - 2*d = -1026. Calculate the greatest common factor of 1377 and u.
51
Suppose 168 = 5*f - 4*j - 0, -6 = 3*j. Calculate the highest common factor of f and 132.
4
Suppose -16*n + 1107 + 354 = -1355. What is the highest common divisor of n and 1672?
88
Let g = 1005 + -515. Suppose -3*m = -0*m + 14*m - 170. What is the greatest common divisor of m and g?
10
Suppose -15*w + 31904 = -84346. Suppose -21*p - 1324 = -w. What is the greatest common factor of p and 12?
6
Suppose 478 + 1061 = -3*h. Let n be h/38*(-2)/(-3). Let b be 2/n - 1280/(-90). Calculate the greatest common factor of b and 14.
14
Let q = -81 + 86. Let s be (q/(-4))/(2/(-16)). Calculate the greatest common divisor of 230 and s.
10
Suppose -4*s + 5*d = -440, 944 - 609 = 3*s - 5*d. Calculate the highest common divisor of 8295 and s.
105
Let d(r) = -2*r + 2589*r**2 - 2589*r**2 + r + 3*r**3 - 3. Let t = -3 + 5. Let m be d(t). What is the highest common divisor of 57 and m?
19
Let o be (-969)/(-2)*(342/9)/19. Suppose -5*u = -u - 228. What is the greatest common divisor of u and o?
57
Suppose f - 68*b = -64*b + 254, 0 = -4*f - 3*b + 1092. Let c(g) = 11*g - 3. Let l be c(3). What is the greatest common factor of l and f?
30
Let a be -8 - 2*(-2)/(-2). Let j(g) = -15 - 6*g - 1 + 14 - 30. Let q be j(a). Calculate the greatest common factor of q and 84.
28
Let c(a) = 208*a**2 - 2*a - 12. Let u be c(1). Calculate the highest common factor of 4 and u.
2
Let k(w) = 3*w**2 + w - 2. Let l be k(-8). Let a = -13 + -84. Let o = l + a. What is the highest common divisor of 17 and o?
17
Let x be 1/(-2)*0 + -8. Let t = 65 + x. Suppose 0 = w - 0*k - 2*k - 15, -3*w = -4*k - 49. What is the highest common factor of t and w?
19
Let i = -423 + 1359. Let d(l) = -l**3 + 19*l**2 + 51*l - 150. Let y be d(21). Calculate the greatest common divisor of y and i.
39
Suppose -2*i = -2*w - 3*i + 17, 2*w - i = 7. Let j be (4/w)/((-30)/(-3510)). Suppose -3*t = -24 - 54. What is the highest common divisor of j and t?
26
Suppose -3*i - j = -13824, -37*i + 39*i = 4*j + 9244. Calculate the greatest common divisor of i and 20.
10
Let v = -160 - -772. What is the highest common divisor of v and 27?
9
Let g(n) = n**3 + 9*n**2 - 108*n - 18. Let u be g(-15). Calculate the highest common factor of 336 and u.
84
Suppose -5*i + 9*i + 20 = 0. Let p(k) = k**3 + 6*k**2 - k - 12. Let y be p(i). Calculate the highest common factor of y and 144.
18
Suppose i - 5*m + 9*m - 19539 = 0, i = -5*m + 19544. Calculate the greatest common factor of 149 and i.
149
Suppose -16 = -4*b, -y + 375 - 3 = 5*b. What is the highest common divisor of 3344 and y?
176
Let k be 7/(148/(-1032) - 4/(-24)). What is the greatest common divisor of 105 and k?
7
Suppose 0*q - 1630 = -87*q + 1763. Let h = 364 - -65. What is the highest common factor of h and q?
39
Let w be (-4)/(-4) + 4843 + -6 + (-42)/(-6). What is the highest common factor of w and 57?
57
Let y = 82 - 42. Suppose 6*s - y = 2*s. Let x(m) = 20*m - 290. Let r be x(18). What is the highest common factor of r and s?
10
Suppose 4*w + 77 = -3*s, 2*s = 3*w - 84 + 10. Let r = 35 + s. Let n(j) = j + 11. Let c be n(r). Calculate the greatest common factor of 15 and c.
15
Let t = -1419 - -1551. What is the greatest common divisor of t and 660?
132
Suppose -5*w - s - 54 - 14 = 0, 2*s = -2*w - 24. Let t(b) = b**2 - 8*b**2 + 6*b**2 - 15*b + 1. Let d be t(w). What is the highest common factor of d and 105?
15
Let n be ((-2)/1)/(25144/1260 + -20). What is the greatest common factor of 405 and n?
45
Let l be -3*(-2)/6*(-202 - 7)/(-11). Suppose -2*d - 2*c + 6 = 0, 3*d + 0*c = 3*c - 21. Let p be (-380)/8*1*d. Calculate the highest common divisor of l and p.
19
Let r = -14795 + 14805. What is the greatest common factor of r and 8570?
10
Suppose 5*y - 22 = 4*o, -y - 75*o + 78*o = -11. Let x = -128 + 212. Suppose -s + x = y*s. Calculate the highest common factor of 70 and s.
14
Let v(x) = -2*x**2 + 36*x - 27. Let o be v(17). Suppose -c + 576 = o*c. Suppose -14 = -2*f + 4. Calculate the highest common divisor of c and f.
9
Suppose 55*k = 54*k + 29*k - 3080. Calculate the highest common factor of 50270 and k.
110
Let z be 7/(-1) + (-16 - -21). Let n(t) = -t**2 + 4*t**2 + 4*t - t - 2. Let k be n(z). Calculate the highest common divisor of 2 and k.
2
Let m be (-3)/(-6)*(5 + 4 - 3). Suppose m*t + 130 = 11*s - 10*s, 4*s - 540 = 2*t. What is the highest common divisor of 17 and s?
17
Let g(l) = -l + 6. Let w be g(4). Suppose -p - 2*p = b - 17, 6 = w*p. Let d be -2 + -2 + 1 - -75. What is the greatest common factor of d and b?
8
Let v = 955 + -2088. Let n = 1963 + v. Suppose 0 = -4*m - 4 - 16, 3*m - n = -5*w. What is the highest common factor of w and 26?
13
Suppose 29*p = 35323 + 167445. What is the greatest common factor of 23 and p?
23
Suppose 3*m = -j + 49 - 11, -5*j = 5. Let t(f) = -f**3 + 11*f**2 + 30*f + 27. Let r be t(m). Calculate the highest common divisor of r and 395.
79
Let n = 771 + 1479. Calculate the highest common divisor of 90 and n.
90
Let t be (-1)/((-10527)/4210 + 60/24). What is the greatest common divisor of 5 and t?
5
Let w = 864 - 66. Let c = w - 392. Calculate the highest common divisor of 58 and c.
58
Let b = -369 + 369. Let k(r) = r**2 + 11*r + 16. Let a be k(b). Calculate the greatest common divisor of a and 128.
16
Suppose -i + 3*g = -86, 2*g + 298 = 5*i - 106. Let v(p) = 5*p + 2 + 4 + 26*p - 5. Let q be v(1). Calculate the greatest common divisor of q and i.
16
Suppose 445 = 3*t + 18*t - 395. What is the greatest common factor of t and 19?
1
Let i = 74472 + -74374. Let v be 2 + (-110)/(1/(-1)). Calculate the highest common factor of v and i.
14
Suppose 30*r = -66 + 216. Suppose 3*q = b - 3 + 16, -3*b - 15 = -r*q. Calculate the greatest common divisor of q and 204.
6
Let n(b) = b**3 - 7*b**2 + 15*b - 12. Let k be n(5). Let g be (-52)/k - 6*(-150)/9. What is the highest common factor of g and 36?
12
Let q(d) = 36*d**2 + 99*d + 99. Let h be q(-1). Suppose 3*a = -3*u - a + 370, 5*a = -10. Calculate the greatest common divisor of h and u.
18
Let p(g) = 2*g**2 - 9*g - 6. Let z be p(7). Suppose -5*s - j + 94 = 11, -2*s + z = -j. Suppose 921 - 201 = 5*b. Calculate the highest common factor of s and b.
16
Suppose -35*c - 5082 = -42*c. Let x = c + -591. What is the greatest common factor of 5 and x?
5
Let o = 327 - 328. Let t be 7 - ((-2)/(o - -3))/(-1). What is the highest common factor of 6 and t?
6
Let d be (8 - (-50)/(-5)) + (-130)/(-5). What is the greatest common factor of d and 3228?
12
Let w = 14 + -149. Let q be ((-30)/w)/(1/9). What is the highest common divisor of q and 1?
1
Let f be (-1053640)/(-672) + ((-23)/12 - -2). What is the highest common divisor of 1184 and f?
32
Let y be 30/(-50) + (-1079)/(-65). Let s(k) = -k**3 - 7*k**2 - 3*k - 5. Let p be s(-7). Calculate the highest common factor of p and y.
16
Suppose 0 = -3*v + 12, 18*g + 5*v - 2279 = 17*g. Calculate the highest common factor of g and 18.
9
Let o be -1 + 2 - (6 + -15074 + 3). What is the highest common factor of 36 and o?
18
Let u(j) = -j**3 + 15*j**2 + 3*j - 9. Let f be u(15). Calculate the highest common factor of f and 639.
9
Suppose -k - 1 = -3. Suppose 3*s = -5*g + 23, -k*s + 7 + 2 = -3*g. Calculate the highest common factor of 150 and s.
6
Let d(l) = -11*l + 88. Let a be d(7). Calculate the highest common divisor of a and 33.
11
Suppose 704*s - 699*s - 3*f = 36, 3*s - 26 = 4*f. What is the greatest common divisor of s and 69?
3
Let f = 5230 - 5214. What is the greatest common factor of 24 and f?
8
Suppose g = 2*i + 39 - 183, i - 2*g = 72. Calculate the greatest common divisor of 3267 and i.
9
Suppose -2*n = -2*m + 38, -6*n + 3*n + 27 = 3*m. Calculate the greatest common factor of m and 497.
7
Let x = 